
Is 6808519 a composite number?
False
Is 18602443 prime?
True
Is 26424417 a composite number?
True
Is 46966849 composite?
True
Is 29787809 composite?
False
Is 112839389 prime?
False
Is 1097513 a prime number?
True
Is 175765921 composite?
False
Is 52829159 a composite number?
False
Is 287055737 prime?
False
Is 4438813 a composite number?
False
Is 1164353 composite?
True
Is 116663689 a composite number?
False
Is 153191 a prime number?
True
Is 838649419 a composite number?
True
Is 860861 prime?
True
Is 9018253 a prime number?
False
Is 23289323 composite?
True
Is 267754 composite?
True
Is 3446585 prime?
False
Is 3306857 a prime number?
False
Is 12291377 composite?
True
Is 1082453 composite?
True
Is 841559 a composite number?
False
Is 2052626 a prime number?
False
Is 22788149 a composite number?
False
Is 11549 composite?
False
Is 3677951 composite?
False
Is 137993953 a prime number?
False
Is 120460465 prime?
False
Is 11328347 composite?
True
Is 3484255 a composite number?
True
Is 2788619 a composite number?
False
Is 17567363 a prime number?
False
Is 125242841 composite?
False
Is 7299143 a prime number?
True
Is 2450317 a composite number?
True
Is 110680537 a prime number?
False
Is 2841273001 a prime number?
False
Is 147625901 a composite number?
True
Is 12474181 a composite number?
False
Is 1637789 composite?
True
Is 7570369 composite?
False
Is 28285937 composite?
False
Is 50940479 composite?
True
Is 5102453 a prime number?
True
Is 80509049 a composite number?
False
Is 142703 a composite number?
True
Is 353285843 composite?
True
Is 3113083 composite?
False
Is 2030185 a prime number?
False
Is 24862081 a composite number?
False
Is 591793 prime?
False
Is 1822183 prime?
False
Is 66720659 a prime number?
True
Is 154634 a composite number?
True
Is 470389 a prime number?
True
Is 1156140719 a prime number?
True
Is 4560506 a prime number?
False
Is 12521569 a composite number?
False
Is 17365342 prime?
False
Is 1956989 a composite number?
True
Is 319588283 a prime number?
False
Is 30842167 composite?
True
Is 95831249 composite?
False
Is 631973 prime?
False
Is 13180139 a composite number?
True
Is 110055257 a composite number?
True
Is 21421909 composite?
True
Is 42874257 composite?
True
Is 32191331 composite?
True
Is 3485333 a prime number?
False
Is 33763159 composite?
True
Is 65313359 prime?
True
Is 10635601 a prime number?
False
Is 40821283 a prime number?
False
Is 161107667 a composite number?
True
Is 82990907 prime?
True
Is 5374249 a prime number?
False
Is 14201821 prime?
False
Is 18010523 a composite number?
True
Is 51930611 composite?
True
Is 395117059 a prime number?
False
Is 15733651 a prime number?
True
Is 23955283 a prime number?
False
Is 61606481 a composite number?
True
Is 50280059 composite?
True
Is 3884918 composite?
True
Is 19933077 a prime number?
False
Is 6925687 a prime number?
False
Is 29023381 composite?
True
Is 275847619 prime?
True
Is 455003907 a composite number?
True
Is 15604247 composite?
False
Is 2435243 a prime number?
True
Is 57217319 a composite number?
True
Is 12531247 a prime number?
True
Is 5973607 composite?
True
Is 333317681 composite?
False
Is 3497651 a composite number?
True
Is 355169 a prime number?
False
Is 39676903 composite?
True
Is 46226773 composite?
False
Is 1099541 a prime number?
True
Is 17622547 a composite number?
False
Is 6225313 a prime number?
True
Is 9706589 composite?
False
Is 199906997 composite?
False
Is 15318907 a composite number?
False
Is 24478849 composite?
False
Is 1292560615 a prime number?
False
Is 10402199 prime?
True
Is 5142209 composite?
True
Is 146973787 a composite number?
False
Is 465894101 composite?
False
Is 355713779 prime?
True
Is 5404933 a prime number?
False
Is 3246977 prime?
True
Is 18933169 composite?
False
Is 2108189 prime?
False
Is 10428923 composite?
True
Is 148515139 prime?
True
Is 912749 composite?
True
Is 20528923 prime?
True
Is 1470319 prime?
True
Is 980683 prime?
False
Is 2387233 a composite number?
True
Is 72612823 a prime number?
True
Is 525783 composite?
True
Is 38708203 a composite number?
True
Is 121181659 composite?
False
Is 157897027 a prime number?
False
Is 78857539 composite?
False
Is 67339483 a prime number?
True
Is 8521715 a composite number?
True
Is 124722449 composite?
True
Is 122288093 a composite number?
False
Is 29776529 a prime number?
True
Is 1692643 a prime number?
False
Is 2871959 a composite number?
False
Is 10273171 a prime number?
True
Is 8415501 a composite number?
True
Is 32083639 prime?
False
Is 30477 a prime number?
False
Is 119037697 a prime number?
True
Is 26030269 composite?
True
Is 5093821 a prime number?
False
Is 16518031 prime?
False
Is 72395 composite?
True
Is 2016649 a composite number?
True
Is 84086201 composite?
False
Is 402416719 a prime number?
True
Is 487151 prime?
False
Is 146552701 a composite number?
True
Is 11057362 a prime number?
False
Is 48672633 a prime number?
False
Is 77672411 prime?
False
Is 68161069 composite?
True
Is 3205283 composite?
True
Is 168929693 prime?
True
Is 142182847 prime?
False
Is 9365591 a composite number?
False
Is 2511598 prime?
False
Is 6230209 a composite number?
False
Is 2028359 prime?
True
Is 96368543 a prime number?
True
Is 154306067 prime?
True
Is 14568181 a composite number?
False
Is 45017723 a prime number?
False
Is 190968185 composite?
True
Is 246574311 composite?
True
Is 4820887 composite?
False
Is 14470021 a composite number?
False
Is 9665641 a prime number?
True
Is 16884211 a composite number?
False
Is 755533 composite?
True
Is 37926073 a composite number?
True
Is 5540531 a prime number?
True
Is 61794539 composite?
True
Is 519277 prime?
False
Is 167971 composite?
False
Is 6645461 composite?
False
Is 32794349 a prime number?
False
Is 2880631 a composite number?
True
Is 2363693 a prime number?
False
Is 11947945 a composite number?
True
Is 57159727 prime?
True
Is 204844927 composite?
True
Is 28278791 composite?
False
Is 5159831 composite?
True
Is 387454691 composite?
True
Is 418390703 prime?
True
Is 224170451 a prime number?
True
Is 410213 prime?
False
Is 14654557 a composite number?
False
Is 24268799 composite?
True
Is 3206731 prime?
False
Is 19951567 prime?
True
Is 2211362005 composite?
True
Is 7472137 prime?
False
Is 259917109 a composite number?
False
Is 553912959 a prime number?
False
Is 4963391 composite?
False
Is 1206839 a prime number?
False
Is 452448871 prime?
False
Is 38825729 prime?
False
Is 32936369 composite?
False
Is 268189063 a composite number?
True
Is 893167 prime?
False
Is 47209774 a prime number?
False
Is 53410493 prime?
True
Is 26709385 composite?
True
Is 43792999 a composite number?
True
Is 4667677 prime?
False
Is 65375434 composite?
True
Is 2597039 composite?
True
Is 2775587 prime?
False
Is 193641137 a prime number?
True
Is 538751 a composite number?
False
Is 1592863351 composite?
True
Is 100805 prime?
False
Is 2866753 a prime number?
True
Is 786803 a prime number?
True
Is 3773543 a composite number?
False
Is 670378183 a prime number?
True
Is 4259765 composite?
True
Is 889141 a prime number?
False
Is 1136299 prime?
True
Is 89656939 composite?
False
Is 53842889 composite?
False
Is 6643933 prime?
False
Is 1112413 composite?
False
Is 3100259 composite?
False
Is 11245133 a composite number?
False
Is 2249521 composite?
True
Is 21803857 a prime number?
True
Is 2290429 composite?
False
Is 9729857 a prime number?
True
Is 293610451 composite?
True
Is 1373081 a prime number?
True
Is 2807743 a composite number?
True
Is 2026743 composite?
True
Is 61112167 prime?
True
Is 2704913 a prime number?
False
Is 567810809 prime?
True
Is 32691467 prime?
True
Is 553858697 a composite number?
True
Is 10063873 a composite number?
False
Is 2462479 composite?
False
Is 783552802 a composite number?
True
Is 929413 prime?
False
Is 7453382 prime?
False
Is 752379629 composite?
False
Is 18528119 a composite number?
False
Is 55012763 a prime number?
False
Is 1052783 prime?
False
Is 1099099 composite?
True
Is 2497331 prime?
False
Is 18773969 composite?
False
Is 24890083 a prime number?
False
Is 7628741 a prime number?
True
Is 1500097 composite?
True
Is 3641713 composite?
True
Is 1190759 prime?
False
Is 434489047 a composite number?
False
Is 1477699 prime?
True
Is 13017019 a prime number?
False
Is 903607 a composi